ommon divisor of 92 and 13589182.
46
Calculate the greatest common factor of 946 and 786728.
86
Calculate the greatest common factor of 1807434 and 5454.
54
Calculate the highest common divisor of 3723 and 15904146.
51
Calculate the highest common divisor of 394 and 1377091661.
197
What is the highest common factor of 360 and 101282730?
30
Calculate the greatest common factor of 15726 and 90978.
6
Calculate the highest common divisor of 24371078 and 58.
58
What is the highest common divisor of 2716 and 392182?
14
Calculate the greatest common factor of 2026094 and 2261.
119
Calculate the greatest common divisor of 18 and 12160578.
6
Calculate the greatest common divisor of 6849 and 148464.
9
Calculate the greatest common divisor of 9902 and 29786.
2
What is the greatest common divisor of 17376 and 631776?
96
Calculate the highest common divisor of 23 and 202044351.
23
Calculate the greatest common divisor of 820 and 23189780.
20
What is the highest common factor of 1839036 and 5828244?
5556
Calculate the greatest common factor of 71874 and 261684.
54
What is the greatest common divisor of 1654117 and 23749?
17
What is the greatest common factor of 88 and 363253?
11
What is the highest common factor of 31293054 and 4064?
254
What is the highest common divisor of 522723348 and 168?
84
What is the greatest common divisor of 16973808 and 160?
16
What is the greatest common divisor of 48 and 4870824?
24
Calculate the greatest common factor of 48042469 and 1881.
19
Calculate the highest common divisor of 1157168 and 18166.
62
Calculate the highest common factor of 1850 and 28959160.
370
Calculate the greatest common divisor of 603151661 and 14.
7
What is the highest common factor of 268 and 245255108?
268
Calculate the highest common divisor of 37 and 34996080.
37
Calculate the highest common divisor of 528045 and 1712.
107
What is the highest common divisor of 2842 and 310884?
14
Calculate the greatest common divisor of 20939304 and 48.
24
What is the highest common factor of 977633 and 20515?
373
Calculate the greatest common factor of 672358497 and 1574.
787
What is the greatest common divisor of 3656 and 1294224?
3656
Calculate the greatest common factor of 400 and 35649920.
80
Calculate the greatest common divisor of 4248 and 8841681.
531
What is the greatest common factor of 51 and 118288295?
17
What is the highest common divisor of 1534896 and 41616?
2448
What is the highest common factor of 7227514 and 14?
14
Calculate the greatest common factor of 22722 and 1698.
6
What is the greatest common divisor of 1618056 and 212949?
891
Calculate the greatest common divisor of 326431840 and 700.
140
Calculate the highest common divisor of 1490 and 26801822.
298
Calculate the highest common factor of 15418 and 119704.
26
What is the greatest common divisor of 1552500 and 77004?
2484
Calculate the highest common factor of 103145268 and 78360.
7836
Calculate the greatest common factor of 1125159 and 1953210.
2751
What is the highest common factor of 7208 and 375876477?
901
What is the greatest common factor of 545520375 and 5125?
5125
What is the greatest common divisor of 64 and 2759008?
32
What is the greatest common divisor of 583210 and 9810?
10
Calculate the greatest common factor of 7 and 54410657.
7
Calculate the greatest common factor of 127673939 and 1406.
703
What is the highest common factor of 2281 and 33368749?
2281
Calculate the highest common factor of 68955823 and 29.
29
Calculate the greatest common factor of 318 and 9282261.
159
What is the greatest common factor of 198531 and 912?
57
Calculate the highest common divisor of 5190 and 4264170.
30
Calculate the highest common divisor of 56 and 2756792.
8
Calculate the highest common divisor of 50820 and 43008.
84
Calculate the highest common factor of 1231090 and 4830.
70
What is the highest common factor of 3369 and 129487515?
3369
What is the greatest common divisor of 73661 and 15369151?
4333
Calculate the greatest common factor of 243268 and 8195340.
3988
What is the highest common divisor of 471 and 51000351?
471
Calculate the greatest common factor of 70247197 and 2138.
1069
What is the highest common divisor of 10794035 and 1005?
335
What is the greatest common factor of 53532702 and 2188?
1094
What is the greatest common factor of 104855 and 183245?
335
Calculate the greatest common factor of 62 and 553191187.
31
What is the greatest common divisor of 31250867 and 53?
53
What is the highest common factor of 264 and 3518152?
88
Calculate the greatest common divisor of 39572 and 7587788.
52
What is the highest common divisor of 158 and 289671907?
79
Calculate the greatest common factor of 644 and 145472516.
644
Calculate the greatest common factor of 56529 and 712037.
571
What is the highest common divisor of 55393527 and 210?
21
Calculate the highest common factor of 366885 and 2015.
155
What is the greatest common divisor of 62527 and 10664?
31
Calculate the highest common divisor of 250 and 736274.
2
What is the greatest common factor of 4242288 and 14694?
186
Calculate the highest common divisor of 32807180 and 3010.
70
What is the highest common factor of 12125 and 327500?
125
Calculate the greatest common divisor of 3147426 and 2394.
342
Calculate the greatest common factor of 2612 and 45334525.
653
Calculate the greatest common factor of 792 and 24506298.
18
Calculate the greatest common factor of 184 and 765307520.
184
What is the highest common divisor of 10167 and 378?
3
What is the greatest common factor of 39767 and 2408077?
161
What is the greatest common factor of 462009 and 4539?
51
Calculate the highest common divisor of 3828 and 1869252.
132
Calculate the highest common factor of 35320 and 1673680.
40
What is the greatest common divisor of 4562 and 2379083?
2281
Calculate the highest common factor of 167688 and 82611.
1233
What is the highest common divisor of 137634 and 4570398?
4746
What is the greatest common factor of 7849 and 40625589?
167
What is the highest common factor of 1249097 and 7442?
61
Calculate the greatest common divisor of 30600 and 1197650.
850
Calculate the greatest common divisor of 1654299 and 46449.
3573
Calculate the greatest common divisor of 95018253 and 561.
561
What is the highest common factor of 18552 and 3522?
6
What is the highest common factor of 6606556 and 16?
4
What is the greatest common factor of 26 and 50097632?
26
Calculate the greatest common divisor of 111638 and 6566.
2
What is the highest common factor of 20754500 and 7657?
403
Calculate the greatest common factor of 200887 and 23959.
1843
Calculate the greatest common divisor of 18954628 and 616.
308
What is the highest common factor of 7955 and 557405?
185
What is the highest common divisor of 608039 and 8789?
799
Calculate the greatest common factor of 21105077 and 34132.
371
Calculate the highest common factor of 19686666 and 138.
138
Calculate the greatest common divisor of 942216425 and 25.
25
Calculate the greatest common divisor of 33449007 and 61951.
1511
Calculate the greatest common factor of 39894 and 1376670.
654
What is the greatest common divisor of 283225 and 18620?
5
Calculate the highest common factor of 116193 and 197967.
231
What is the greatest common factor of 11299367 and 2302?
1151
Calculate the highest common divisor of 111198 and 32379.
129
What is the highest common factor of 2030015 and 325?
65
Calculate the highest common factor of 2493 and 6859.
1
What is the highest common divisor of 8960 and 36694784?
1792
What is the greatest common factor of 5844036 and 32142?
66
Calculate the greatest common factor of 46209 and 58254.
219
Calculate the highest common factor of 30240 and 4326.
42
What is the greatest common factor of 11832510 and 204?
102
Calculate the greatest common divisor of 8880900 and 44800.
700
Calculate the greatest common divisor of 16676 and 719268.
44
Calculate the highest common divisor of 3649 and 445276523.
3649
Calculate the highest common factor of 140 and 9329660.
20
Calculate the greatest common divisor of 9492 and 820780359.
2373
What is the highest common factor of 9659560 and 16?
8
Calculate the greatest common divisor of 95 and 3321447.
19
What is the highest common factor of 6548232 and 320608?
1864
What is the